 3*o + 21, 0*z = -2*z + 4*o - 24. What is the remainder when (-3*8)/(z/3) is divided by 19?
17
Let v = 89 + -20. Suppose -6*u + 99 = -9. Calculate the remainder when v is divided by u.
15
Let r = 54 - 23. Calculate the remainder when r is divided by 16.
15
Suppose -x - 304 = -5*x. What is the remainder when (x/(-5))/((-2)/5) is divided by 13?
12
Let o(u) = -u**3 - 7*u**2 - 2*u - 7. Suppose -3*x + 35 = -8*x. Let h be o(x). Let c(f) = 4*f - 7. Calculate the remainder when c(h) is divided by 11.
10
Let c = -7 - -15. Calculate the remainder when ((-20)/c)/((-1)/2) is divided by 2.
1
Suppose 5*m - 18 + 3 = 0. Suppose -7*v + 89 = -2*v - 2*c, 2*v - 47 = -m*c. Calculate the remainder when 72 is divided by v.
15
Suppose 0*j + t + 29 = 2*j, 0 = -5*j - 3*t + 89. Calculate the remainder when 60 is divided by j.
12
Suppose 0*z + 17 = 2*z + 3*p, z - p = -4. Let l = 0 + 2. Let s = z + l. Calculate the remainder when 4 is divided by s.
1
Suppose 4*q + 2*h - 64 = 0, -3*q = 4*h + 12 - 50. Let x(d) = -2*d - 4. Let b = 0 - 7. What is the remainder when q is divided by x(b)?
8
Suppose -5*f + 14 + 6 = -2*t, -2*f - t + 8 = 0. What is the remainder when ((-3)/(-2))/(f/40) is divided by ((-48)/(-20))/(6/20)?
7
Let b(l) = -l**3 - l. Let q = 8 + -6. Let y be b(q). Let f(r) = -r**3 - 11*r**2 - 12*r - 9. Calculate the remainder when 31 is divided by f(y).
9
What is the remainder when (-76)/2*(-5)/2 is divided by 24?
23
Let l(w) = -8*w + 1. Let m = 5 + 1. Calculate the remainder when l(-2) is divided by m.
5
Let q(t) = t**2 - t - 1. Let m be q(2). Let b(k) = -23*k + m + 4*k + 1. What is the remainder when b(-2) is divided by 14?
12
Suppose -w + 77 = 51. What is the remainder when 100 is divided by w?
22
Suppose -16 = -3*l + w, -5*l - 4*w + 16 = -l. Calculate the remainder when 19 is divided by l.
4
Let d(u) = u. Let m be -1 - (0 + -4 + 2). Let w(l) = 9*l - 1. Calculate the remainder when w(m) is divided by d(3).
2
Suppose 5*a - 37 = 28. Let q(c) = -3 + 13*c - c**2 + 10*c - 10*c. Calculate the remainder when q(5) is divided by a.
11
Let b(v) = v**2 + 8*v - 20. Let y be b(-10). Suppose -4*u + 12 = y, 2*u + 150 = 3*z + 57. Calculate the remainder when z is divided by 9.
6
Let v(g) = -g**3 - 5*g**2 + g - 8. Suppose 0 = -2*t + t - 2*b + 4, -3*t + 3*b = -30. Calculate the remainder when v(-6) is divided by t.
6
Let h be 90/25 - 2/(-5). Suppose 4*p = h*w - 2*w - 132, 4*p + 74 = w. Calculate the remainder when w is divided by 20.
18
Let i(b) = 4*b + 1. Let x be i(1). Suppose -159 = -x*o - 2*g, g + 3*g = -4*o + 132. Let z = 22 - 6. Calculate the remainder when o is divided by z.
15
Suppose 4*v - 2*y = 3*v - 24, -2*v - 52 = -5*y. Let q = v + 32. What is the remainder when 62 is divided by q?
14
Suppose 72 = 4*y - 4*o - 0*o, 5*o = 15. What is the remainder when 124 is divided by y?
19
Suppose a - 5 - 19 = 0. Calculate the remainder when 9 is divided by ((-2)/4)/((-4)/a).
0
Let n = -53 + 74. What is the remainder when n is divided by 12?
9
What is the remainder when 5 - 9 - 24*-3 is divided by 35?
33
Suppose 0*r - 4*r = -52. Suppose -5*z - 13 = -0*k + k, 5*k + 3*z = 23. Calculate the remainder when r is divided by k.
6
Let h(r) be the second derivative of -7*r**3/6 - 7*r**2/2 + 3*r. What is the remainder when 53 is divided by h(-3)?
11
Let n = 61 - 37. Let j(t) = t**2 - 7*t + 15. Calculate the remainder when n is divided by j(6).
6
Let a = -16 + 8. Calculate the remainder when (-16)/a - -2*1 is divided by 3.
1
Suppose -y = 4*d - d - 4, 2*y + 5*d - 8 = 0. Let u = y + 24. Suppose -3*a + u = -a. What is the remainder when 27 is divided by a?
13
Suppose -5*p + 2*u + 89 = 0, 4*u = 4*p - u - 61. Calculate the remainder when 94 is divided by p.
18
Suppose 238 = 4*p + 2*h, 7*h - 4*h + 131 = 2*p. Let u = p - 14. Let f = 43 - 27. Calculate the remainder when u is divided by f.
15
Let k(t) = -47*t**2 + 2*t - 1. Let u be k(1). Let d = u - -77. Suppose 2*q = -4*o + 3*q + 35, -3*o + 27 = -q. Calculate the remainder when d is divided by o.
7
Let f = 92 + -30. Calculate the remainder when f is divided by 22.
18
Suppose 16 + 38 = 2*b. Suppose v + b = 4*v. Calculate the remainder when 16 is divided by v.
7
Let t(m) = -2*m - 19. Calculate the remainder when 12 is divided by t(-12).
2
Suppose -5*m - 16 = -76. What is the remainder when 33 is divided by m?
9
Suppose 3*u = u + 4. Suppose -l = -4*c - 0*l + 53, 5*l = -u*c - 1. Calculate the remainder when 34 is divided by c.
10
Let h(a) = a**2 + 5*a + 2. Let d be h(-5). Suppose -l = d*l - 6. Suppose 4*o - y - 57 = -6*y, -5*o + 63 = -l*y. What is the remainder when 37 is divided by o?
11
Let o(n) = n**2 + 9*n + 6. Calculate the remainder when 45 is divided by o(-10).
13
Suppose -3*t + t + 42 = 0. What is the remainder when t is divided by 8?
5
Suppose 0*s = -3*s + 30. Let f(l) = -l - 2. Let g be f(7). Let o = g + 28. What is the remainder when o is divided by s?
9
Let z = 0 - -28. What is the remainder when z is divided by 6?
4
Let m(o) = -o**3 - 5*o**2 + 1. Let w be m(-5). Calculate the remainder when -2 + 1/(w/30) is divided by 10.
8
Suppose -4*c + 52 = -0*c. Let q = 64 - 27. Calculate the remainder when q is divided by c.
11
Suppose 0 = 5*t - 3*t - 36. Let d(b) = 2*b**3 + b**2 + 3*b - 2. Calculate the remainder when d(3) is divided by t.
16
Let o = -42 + 91. Calculate the remainder when o is divided by 17.
15
What is the remainder when 40/22 - 2 - (-4232)/44 is divided by 33?
30
Suppose 32 = -3*o - 37. Let a be (53 + (2 - 1))/1. Let b = o + a. Calculate the remainder when b is divided by 11.
9
Let p = -126 + 234. Calculate the remainder when p is divided by 28.
24
Suppose 0 = 5*j + 3*z + 14, 0 = -3*j - 4*z + 2 - 6. Calculate the remainder when 28 is divided by (-319)/(-22) + (-2)/j.
13
Let s = 88 - 55. Calculate the remainder when 130 is divided by s.
31
Let b be 10/4 - (-6)/(-12). Suppose -5*d + 23 = 3*n, b*n + 0*n = d + 11. What is the remainder when n is divided by 4?
2
Calculate the remainder when 14 + 6/(1 + 1) is divided by 9/((2 - -1) + -2).
8
Let y = -7 - -3. Calculate the remainder when (4/(-8))/(y/104) is divided by 4.
1
Suppose 5*u = 2*l + 2*l + 56, 0 = -4*u + 4*l + 44. Calculate the remainder when 23 is divided by (48/(-9))/((-8)/u).
7
Let f = -1 - -15. What is the remainder when 40 is divided by f?
12
Let y = -5 + 7. Suppose 3*p - 69 = -3*j, -2*p + 8 = -p - y*j. What is the remainder when 52 is divided by p?
16
Let c = 37 - 13. What is the remainder when 116 is divided by c?
20
Let j = 7 - 4. Suppose 2*v + j*l - 56 = -l, -3*v + 84 = -3*l. Suppose -k - 2*k + 30 = 0. What is the remainder when v is divided by k?
8
Let m(u) = -u**2 - 9*u - 1. Let i be m(-6). Let v = 30 - i. Let f = 30 - -7. What is the remainder when f is divided by v?
11
Suppose 0 = -i - 2*i - p - 116, -155 = 4*i + p. Suppose 0 - 3 = -3*y. Calculate the remainder when 22 is divided by (i/(-15) - y)*5.
6
Let x(m) = 157*m**3 - 2*m**2 + 1. Let p be x(1). Suppose 5*v = p - 51. Calculate the remainder when v is divided by 11.
10
Let o(r) = -r - 7. Let n be o(-9). Suppose -c - 3*c + 47 = j, -j = n*c - 51. Calculate the remainder when j is divided by 1*(-18 - 1)*-1.
17
What is the remainder when 244 is divided by 6/9 + 1/((-12)/(-580))?
48
Let n be -6*1/(-2) - 1. Suppose -6*b + n*b = 0. Let x = b + 3. What is the remainder when x is divided by 1?
0
Suppose 0 = -3*g + 34 + 59. Calculate the remainder when 120 is divided by g.
27
Suppose 5*j = 3*j + 8. Suppose 0*x + j*x = 64. Suppose 3*h + 7*p = 4*p + 12, 0 = 4*h - 4*p - 56. What is the remainder when x is divided by h?
7
Let o(v) = 14*v - 7. Let w be o(5). Let r = -35 + w. What is the remainder when (-6)/4*r/(-6) is divided by 5?
2
Suppose 3*r + r + 124 = 4*j, -33 = -j - r. Calculate the remainder when j is divided by 18.
14
Let p be 118/(-3)*6/(-4). Suppose z - 4 = 0, -g + p = 4*g + z. What is the remainder when g is divided by (0 + -2)/(4/(-12))?
5
Suppose -80 = -4*r + 5*v, 0 = -3*r + r + 2*v + 38. Calculate the remainder when 5/r*(22 + -1) is divided by 2.
1
Let h(k) = -k**2 + 7*k + 6. Let z(b) = -b + 14. Let s be z(7). Let x = 10 - s. Calculate the remainder when h(7) is divided by x.
0
Suppose 3*l = 7*l - 4*p - 32, 0 = 2*p. Suppose 5*o = o + 84. What is the remainder when o is divided by l?
5
Suppose 2*d = 3*d - 3. Suppose d*c